5*h, -3*h = -13*y + 9*y + 243272. What are the prime factors of y?
2, 47, 647
Suppose f = 5*u - 614, 0 = -11*f + 7*f - u - 2393. Let m = f + 646. What are the prime factors of m?
47
List the prime factors of (-10633)/(-7) + (-12)/3.
3, 5, 101
Let l be 20/6*-3*3/(-6). Suppose 0 = -l*d + 19 - 4. Suppose 3*o + d*g = 69 + 27, 5*o - 133 = 4*g. List the prime factors of o.
29
Let k(t) = t + 1. Let m(f) = 9*f**2 - 15*f. Let b(i) = k(i) + m(i). List the prime factors of b(-5).
2, 37
Suppose 8*b - 11*b + 2*o + 26800 = 0, 5*b + 5*o = 44700. Suppose -b = -14*p + 8424. What are the prime factors of p?
2, 5, 31
Suppose -122 = -0*r - 2*r + 2*h, 0 = 4*r - 2*h - 254. What are the prime factors of 159/((r/(-55))/((-2)/5))?
53
Suppose 30 = 5*r - 5*z + 4*z, -5*r - 5*z = 0. Suppose 0 = 5*p + 5*n - 25, -3*n + r*n = p + 10. Suppose -3*h + 261 + 255 = p. List the prime factors of h.
2, 43
List the prime factors of (1174992/(-10))/(-13) + 2/(-5).
2, 4519
Let l(f) = 14*f + 9 + 2*f**2 - 16 + 12. Let i be l(-8). Suppose 4*w - 213 = -2*p + i, -5*w - 2*p = -291. List the prime factors of w.
3, 19
Let v = -39976 - -75728. What are the prime factors of v?
2, 41, 109
Let r(w) = -29*w + 224. Suppose -3*t + 66 = -0*b - 2*b, t - 191 = 5*b. What are the prime factors of r(b)?
5, 271
Let s be -9*(539/(-21) - 3). List the prime factors of -14*s/(-5) + 6/10.
3, 241
Suppose 56435 = 5*x - 95965. What are the prime factors of x?
2, 3, 5, 127
Let h(k) = 8*k**2 - 11*k - 9. Let x be (3 - 14)*(5 + -6). What are the prime factors of h(x)?
2, 419
Let j(n) = 5*n**3 - 8*n**2 + 4*n - 4. Let f(a) = -2*a - 1. Let t be f(-2). Suppose -10 = -t*m - 1. List the prime factors of j(m).
71
Let a(c) = 45*c**2 - 28*c - 172. What are the prime factors of a(-10)?
2, 3
Let z = -9 - -9. Suppose -4 = -d - z. Suppose -d*i + 120 = -0*i - y, i + 4*y = 13. What are the prime factors of i?
29
Let v(n) = 4*n + n - 5*n**3 + 4*n**3 + 5. Suppose d - 12*d - 44 = 0. What are the prime factors of v(d)?
7
Suppose 0 = 3*p - 12, 3*m + 23*p + 5 = 25*p. Let a(q) = 1566*q**2 - 10*q + 2. List the prime factors of a(m).
2, 19, 41
Let x be 116/20 - (-12)/(-15). Suppose 10*p = 6*p - x*p. Suppose 2*s + 4*b - 3*b - 237 = p, -2*s = 2*b - 240. List the prime factors of s.
3, 13
Let h = 66 + -39. Suppose 0 = 4*s - s + h. What are the prime factors of (-6)/s*816/4?
2, 17
Let w(n) = -n**3 - 7*n**2 - 12*n + 4. Let x be w(-5). Suppose -3 = -h, -c - 5*h + x = -22. Let d = c + 127. List the prime factors of d.
2, 37
Let f = -5744 + 24324. List the prime factors of f.
2, 5, 929
Let s = 4126 - -6048. What are the prime factors of s?
2, 5087
Let v = -41 + 47. Suppose 0 = -3*x + v - 0. Suppose 5*g = x*n + 3*n - 545, 4*n + 4*g - 468 = 0. List the prime factors of n.
113
Suppose -2*y = -3*d + 20104, -4*y - 23 + 15 = 0. What are the prime factors of d?
2, 5, 67
Let x(w) = w**2 - 4*w - 30. Let y be x(8). Suppose -4*g + 189 = 5*s - 92, -86 = -y*s + 5*g. List the prime factors of s.
53
What are the prime factors of -14*(-37881)/(-2415)*(0/2 - 395)?
2, 3, 61, 79
Suppose 0 = 2*x + 14 - 74. Let b = -14 + x. Suppose 21*l - b*l = 20. List the prime factors of l.
2
Suppose -3*s + 7 = 5*h, 9 = s - 0*h - 5*h. Suppose -s*p + 352 = -84. Let o = 174 - p. List the prime factors of o.
5, 13
Let a = 96 - 92. Suppose 279 = -a*h + 1855. What are the prime factors of h?
2, 197
Let v(k) = 4 + 4*k + 11*k + 4*k**3 + 14*k - 23*k - 4*k**2 + 12. What are the prime factors of v(6)?
2, 193
Let c = 334 + -334. Let l(b) = b**3 + 2*b**2 + b + 78. What are the prime factors of l(c)?
2, 3, 13
Suppose -48*q = -43*q - 3*p - 97001, 3*q - 7*p = 58237. What are the prime factors of q?
2, 13, 373
Let k(i) = i**2 - 5*i + 7. Let x be k(4). Suppose -4*a = -4*j + 420, x*j - a - a = 317. Let u = 182 - j. What are the prime factors of u?
3, 5
Let c = -300 - -312. Suppose -v = -c*v + 5885. List the prime factors of v.
5, 107
Suppose 30 - 134 = 4*x. Let f = -305 - x. Let c = f + 415. List the prime factors of c.
2, 17
Let z = 24412 + 39999. What are the prime factors of z?
41, 1571
Suppose -2*k + 337 = 131. Let u be 5*8/10 + k. Let s = u - -48. List the prime factors of s.
5, 31
Suppose 138*k = 2512579 + 1858564 - 1137527. List the prime factors of k.
2, 29, 101
Suppose -427*d + 204*d + 2269232 = -195*d. List the prime factors of d.
2, 20261
Let p = 2599 + -1695. Suppose 25*u + 234 = q + 28*u, 4*q + 4*u - p = 0. List the prime factors of q.
2, 3, 37
Let t(v) = 19*v**2 - 58*v + 376. What are the prime factors of t(-51)?
71, 743
Let r(k) = -2*k**3 - 102*k**2 + 62*k - 71. List the prime factors of r(-57).
41, 863
Let d(b) = 8*b - 126*b - 43 - 13*b. What are the prime factors of d(-6)?
743
Let i = -137 - -141. Let f(g) = g**3 + 12*g**2 - 13*g - 12. Let y be f(-13). List the prime factors of 3/y - (-1 - 737/i).
5, 37
Let f(u) = u**3 - 5*u**2 - 10*u + 12. Let q be f(7). Suppose q*p = 33*p + 35. Suppose 466 = 3*h + 2*o, 254 + 540 = p*h - o. List the prime factors of h.
2, 79
Let d = 363 + -355. Suppose -4*a - 2*m = -4216, 0 = m - 5*m - d. What are the prime factors of a?
5, 211
Let y be 19224/42 - -2*(-2)/(-14). Let q = y - 281. List the prime factors of q.
3, 59
Let s(w) = 50*w**2 - 257*w - 88. What are the prime factors of s(31)?
5, 19, 421
Let b = 13028 - 5242. List the prime factors of b.
2, 17, 229
Let p(c) be the second derivative of 31*c**5/20 + c**4/12 + 2*c**3/3 - 6*c**2 - 12*c - 7. What are the prime factors of p(3)?
2, 3, 47
Suppose -3*h + 14 = q - 8*h, -8 = -3*q - 2*h. Suppose -t - 3*x + 586 = 0, -7*t + 5*x = -q*t - 1772. What are the prime factors of t?
19, 31
Let i(c) = 2*c**2 - 30*c + 24. Let b = 16 + 0. Let m be i(b). What are the prime factors of 120/m + -2 + (-832)/(-7)?
7, 17
Suppose 3*r - 1912 = 209. Suppose -4*w - 169 = m - 904, 3*w = m - r. What are the prime factors of m?
719
Suppose -2*k = 5*m - 6*k + 2343, -3*k - 1395 = 3*m. Let t = 669 + m. What are the prime factors of t?
2, 101
Let b(i) be the first derivative of -i**2 - 39*i - 4. Let h be b(-23). Suppose 0 = h*n - 3*n - 400. List the prime factors of n.
2, 5
Let x be (242/3)/(-1) - 2/(-3). Let h = -64 - x. What are the prime factors of 8*(186/20 + h/(-20))?
2, 17
Suppose -4*n - 3*z = -n - 2769, 3*z = 3*n - 2799. List the prime factors of n.
2, 29
Suppose n - 12*i + 10*i - 15455 = 0, -4*n + 2*i = -61844. List the prime factors of n.
7, 47
Let v be (-52)/(-10) - (-24)/(-120). Suppose 0 = 4*y - v*f - 1451, -y - 2*f - 26 = -405. What are the prime factors of y?
3, 41
What are the prime factors of -2 + (-66)/(-55) + (-27069)/(-5)?
5413
Let v be (6/(-3))/((-1924)/482 + 4). Let c = v - -422. List the prime factors of c.
181
Let h(p) = p**3 + p**2 - 23*p - 3. Let v be h(13). Let q be -1 - (-2 + (-66)/(-2)). What are the prime factors of ((-8)/3)/(q/v)?
2, 43
Suppose 2*j - 3*x + 5*x = 1154, 0 = -2*x. Let v = 1636 - j. List the prime factors of v.
3, 353
Let x be (512/10)/((-7)/35). Let v = x + 343. What are the prime factors of v?
3, 29
Let r(v) = 114*v**2 - 51 + 31 + 25 + 7*v. What are the prime factors of r(-2)?
3, 149
Let p be (-31 + (-1)/(-1))/(7 - 9). Suppose -v = -h - 10, -2*v + p = -v - 2*h. Suppose 2*t + k = -2*k + 171, 408 = v*t + k. List the prime factors of t.
3
Let u(b) = 4542*b**2 - 62*b + 37. Let t be u(16). What are the prime factors of (-1)/(-7) - t/(-637)?
2, 3, 19
Suppose 9*b = g + 13*b + 25, -2*g - 4*b = 30. What are the prime factors of (2 - g) + -3 - (3 - 19)?
2, 5
Suppose 4*d + d - 5*o - 45 = 0, 5*d + o - 15 = 0. Suppose 5*x = -d*w + 2*w, 5*w = 4*x. Suppose -54*p + 59*p - 360 = w. What are the prime factors of p?
2, 3
Let l(m) = m**3 - 2*m**2 - 21*m - 7. Let u be l(6). Suppose 0 = -u*y + 15*y - 1000. List the prime factors of y.
2, 5
Let j(s) = 8*s**3 + 2*s**2 - s - 2. Let n be j(1). Let x(d) = -27. Let v(g) = g + 55. Let c(y) = 4*v(y) + 9*x(y). List the prime factors of c(n).
5
Suppose 12*b + 158904 = 49*b - 16365. What are the prime factors of b?
3, 1579
Let b(n) = -8*n**3 - n**2 + n + 1. Let j be b(-1). Suppose j*w - 88 - 17 = 0. List the prime factors of w.
3, 5
Let w = 33208 + -16879. What are the prime factors of w?
3, 5443
Let k(v) = 13*v**2 + 2*v + 11. Suppose 15 = 2*a - 5*a - 4*l, 3*a - 5*l = -15. What are the prime factors of k(a)?
2, 163
Suppose t - 4*m - 24 = 0, -4*t + 24 = -4*m - 48. Let u be